 by 2022.
163
What is the remainder when 1693578 is divided by 1434?
24
What is the remainder when 196882 is divided by 17629?
2963
Calculate the remainder when 6257639 is divided by 3894.
3875
What is the remainder when 112393 is divided by 3119?
109
Calculate the remainder when 190738 is divided by 4888.
106
What is the remainder when 216450 is divided by 4918?
58
What is the remainder when 128616 is divided by 4014?
168
What is the remainder when 3962672 is divided by 1320762?
386
Calculate the remainder when 68807662 is divided by 2424.
2422
Calculate the remainder when 32350943 is divided by 152.
23
Calculate the remainder when 20945824 is divided by 437.
414
What is the remainder when 394893 is divided by 2439?
2214
What is the remainder when 131775 is divided by 702?
501
Calculate the remainder when 579278 is divided by 621.
506
What is the remainder when 5719756 is divided by 193?
8
What is the remainder when 20703 is divided by 599?
337
Calculate the remainder when 25555 is divided by 2053.
919
Calculate the remainder when 12289 is divided by 848.
417
What is the remainder when 7359542 is divided by 15999?
2
Calculate the remainder when 191336 is divided by 107.
20
Calculate the remainder when 93462 is divided by 1948.
1906
Calculate the remainder when 13762775 is divided by 2470.
2405
Calculate the remainder when 1298771 is divided by 33.
23
What is the remainder when 182498 is divided by 8295?
8
What is the remainder when 16211398 is divided by 2218?
36
Calculate the remainder when 1317040 is divided by 552.
520
What is the remainder when 2324252 is divided by 66407?
7
What is the remainder when 11397253 is divided by 2849312?
5
Calculate the remainder when 703420 is divided by 439.
142
Calculate the remainder when 2337523 is divided by 83.
77
What is the remainder when 1642767 is divided by 9178?
9083
What is the remainder when 4458 is divided by 3642?
816
What is the remainder when 8508616 is divided by 8508502?
114
Calculate the remainder when 3335585 is divided by 280.
225
Calculate the remainder when 274876 is divided by 182.
56
What is the remainder when 700987 is divided by 4407?
274
Calculate the remainder when 13979853 is divided by 319.
316
Calculate the remainder when 68280224 is divided by 279.
275
What is the remainder when 38680535 is divided by 1565?
1560
Calculate the remainder when 61045 is divided by 21.
19
What is the remainder when 4657823 is divided by 15?
8
Calculate the remainder when 1047874 is divided by 1129.
162
Calculate the remainder when 3528815 is divided by 18972.
23
What is the remainder when 637852 is divided by 28987?
138
Calculate the remainder when 1694 is divided by 888.
806
Calculate the remainder when 69591 is divided by 1643.
585
Calculate the remainder when 1159010 is divided by 3046.
1530
Calculate the remainder when 1237756 is divided by 1267.
1164
Calculate the remainder when 184494 is divided by 200.
94
What is the remainder when 340068 is divided by 169991?
86
Calculate the remainder when 16407400 is divided by 863547.
7
What is the remainder when 7857022 is divided by 148?
146
What is the remainder when 18136 is divided by 1999?
145
What is the remainder when 101529 is divided by 456?
297
Calculate the remainder when 616936 is divided by 123345.
211
What is the remainder when 7744290 is divided by 1286?
1284
Calculate the remainder when 396867 is divided by 630.
597
Calculate the remainder when 627326 is divided by 313635.
56
What is the remainder when 4869483 is divided by 210?
3
Calculate the remainder when 887853 is divided by 295916.
105
Calculate the remainder when 2080842 is divided by 18746.
36
What is the remainder when 90826 is divided by 30260?
46
Calculate the remainder when 685354 is divided by 50.
4
What is the remainder when 35380 is divided by 1136?
164
What is the remainder when 103701 is divided by 2468?
45
What is the remainder when 57498 is divided by 19016?
450
Calculate the remainder when 98754796 is divided by 1913.
1910
What is the remainder when 4313484 is divided by 3?
0
What is the remainder when 25782736 is divided by 18?
4
What is the remainder when 1421680 is divided by 3927?
106
Calculate the remainder when 140578473 is divided by 280.
273
Calculate the remainder when 22229 is divided by 9712.
2805
What is the remainder when 2586527 is divided by 4880?
127
What is the remainder when 76980475 is divided by 7698046?
15
Calculate the remainder when 5872742 is divided by 1111.
1107
What is the remainder when 207409808 is divided by 5833?
5827
Calculate the remainder when 344505589 is divided by 293.
291
What is the remainder when 19005597 is divided by 399?
30
Calculate the remainder when 21867 is divided by 1879.
1198
What is the remainder when 3901643 is divided by 209?
31
Calculate the remainder when 420418087 is divided by 2579252.
11
What is the remainder when 155020978 is divided by 179?
176
What is the remainder when 2737168 is divided by 33792?
16
What is the remainder when 181535 is divided by 10081?
77
Calculate the remainder when 7441915 is divided by 12.
7
Calculate the remainder when 2622668 is divided by 1627.
1571
What is the remainder when 210258 is divided by 42030?
108
Calculate the remainder when 564508 is divided by 39.
22
Calculate the remainder when 883364 is divided by 38387.
463
Calculate the remainder when 4986887 is divided by 1662289.
20
Calculate the remainder when 23678633 is divided by 17.
13
What is the remainder when 34192 is divided by 3180?
2392
What is the remainder when 19076732 is divided by 56?
52
Calculate the remainder when 17254 is divided by 957.
28
Calculate the remainder when 11341520 is divided by 1870.
1840
Calculate the remainder when 1475680 is divided by 3853.
3834
What is the remainder when 391779 is divided by 55966?
17
What is the remainder when 679636 is divided by 565?
506
What is the remainder when 5180620 is divided by 1726857?
49
Calculate the remainder when 34734 is divided by 4901.
427
Calculate the remainder when 365201 is divided by 124.
21
What is the remainder when 500604 is divided by 12434?
3244
What is the remainder when 386187 is divided by 121?
76
Calculate the remainder when 4988982 is divided by 4988955.
27
Calculate the remainder when 7771495 is divided by 7725.
145
What is the remainder when 457019034 is divided by 27?
24
What is the remainder when 2813926 is divided by 33499?
10
Calculate the remainder when 1247808 is divided by 467.
451
What is the remainder when 12436552 is divided by 8280?
8272
Calculate the remainder when 75668 is divided by 571.
296
Calculate the remainder when 148623 is divided by 49429.
336
Calculate the remainder when 2560786 is divided by 44151.
28
Calculate the remainder when 3693462 is divided by 2612.
94
What is the remainder when 9202451 is divided by 84?
83
What is the remainder when 398915 is divided by 87?
20
What is the remainder when 168274 is divided by 167883?
391
Calculate the remainder when 66926 is divided by 2557.
444
Calculate the remainder when 3074172 is divided by 1024699.
75
What is the remainder when 345666 is divided by 690?
666
Calculate the remainder when 1906714 is divided by 2970.
2944
Calculate the remainder when 39558 is divided by 2969.
961
What is the remainder when 18524539 is divided by 10?
9
Calculate the remainder when 269300 is divided by 98.
94
What is the remainder when 775666 is divided by 8599?
1756
What is the remainder when 172420 is divided by 21460?
740
What is the remainder when 40194306 is divided by 28?
26
Calculate the remainder when 9207903 is divided by 2301973.
11
Calculate the remainder when 9330 is divided by 7574.
1756
Calculate the remainder when 10825546 is divided by 826.
816
What is the remainder when 8829806 is divided by 1001?
986
Calculate the remainder when 4219960 is divided by 96.
88
What is the remainder when 184418 is divided by 449?
328
Calculate the remainder when 843180 is divided by 281053.
21
Calculate the remainder when 11851 is divided by 1408.
587
Calculate the remainder when 5449280 is divided by 1362272.
192
Calculate the remainder when 304969 is divided by 8024.
57
What is the remainder when 100456089 is divided by 132?
129
Calculate the remainder when 6914992 is divided by 1737.
173